{"id":275,"date":"2020-10-24T21:43:00","date_gmt":"2020-10-24T21:43:00","guid":{"rendered":"https:\/\/lasfuentesid.com\/?page_id=275"},"modified":"2023-04-12T09:05:47","modified_gmt":"2023-04-12T09:05:47","slug":"nuestra-historia","status":"publish","type":"page","link":"https:\/\/lasfuentesid.com\/index.php\/nuestra-historia\/","title":{"rendered":"Nuestra Historia"},"content":{"rendered":"\n<p>La Iglesia es una Instituci\u00f3n divina, fundada por Jesucristo:<\/p>\n\n\n\n<blockquote class=\"wp-block-quote is-layout-flow wp-block-quote-is-layout-flow\">\n<p>\u201cMas yo tambi\u00e9n te digo que t\u00fa eres Pedro, y sobre esta piedra edificar\u00e9 mi iglesia, y las puertas de infierno no prevalecer\u00e1n contra ella.\u201d <\/p>\n<cite>Mateo 16:18<\/cite><\/blockquote>\n\n\n\n<p><br>Ratificada y dada a conocer por los ap\u00f3stoles:<\/p>\n\n\n\n<blockquote class=\"wp-block-quote is-layout-flow wp-block-quote-is-layout-flow\">\n<p>\u201cEdificaos sobre el fundamento de los ap\u00f3stoles y profetas, siendo la principal piedra del \u00e1ngulo Jesucristo mismo\u201d <\/p>\n<cite>Efesios 2:20<\/cite><\/blockquote>\n\n\n\n<p><br>De la cual as\u00ed mismo en este tiempo por la gracia de Jesucristo hemos sido hechos ministros y administradores para apacentar su Iglesia, la cual gano con su sangre.<br><\/p>\n\n\n<div class=\"wp-block-image\">\n<figure class=\"aligncenter size-large is-resized\"><img fetchpriority=\"high\" decoding=\"async\" src=\"https:\/\/lasfuentesid.com\/wp-content\/uploads\/2020\/10\/HistoriaFuentes_img1-1024x511.png\" alt=\"\" class=\"wp-image-2627\" width=\"898\" height=\"448\" srcset=\"https:\/\/lasfuentesid.com\/wp-content\/uploads\/2020\/10\/HistoriaFuentes_img1-1024x511.png 1024w, https:\/\/lasfuentesid.com\/wp-content\/uploads\/2020\/10\/HistoriaFuentes_img1-300x150.png 300w, https:\/\/lasfuentesid.com\/wp-content\/uploads\/2020\/10\/HistoriaFuentes_img1-768x383.png 768w, https:\/\/lasfuentesid.com\/wp-content\/uploads\/2020\/10\/HistoriaFuentes_img1-541x270.png 541w, https:\/\/lasfuentesid.com\/wp-content\/uploads\/2020\/10\/HistoriaFuentes_img1-1320x659.png 1320w, https:\/\/lasfuentesid.com\/wp-content\/uploads\/2020\/10\/HistoriaFuentes_img1.png 1329w\" sizes=\"(max-width: 898px) 100vw, 898px\" \/><\/figure>\n<\/div>\n\n\n<p>La historia acerca de la congregaci\u00f3n en la localidad de las Fuentes, tiene su inicio cuando en Noviembre de 1980 un grupo formado por cinco familias que viv\u00edan en el mismo municipio y ten\u00edan en com\u00fan la misma fe, deciden juntarse y acondicionar un lugar para llevar a cabo servicios de culto y alabanza a nuestro Dios, y el 29 de Noviembre de 1980, quedo asentado en el texto del Acta No. 1, la primera reuni\u00f3n de esa misi\u00f3n. <br><\/p>\n\n\n<div class=\"wp-block-image\">\n<figure class=\"aligncenter size-large\"><img decoding=\"async\" width=\"889\" height=\"580\" data-src=\"https:\/\/lasfuentesid.com\/wp-content\/uploads\/2020\/10\/HistoriaFuentes_img2.png\" alt=\"\" class=\"wp-image-2629 lazyload\" data-srcset=\"https:\/\/lasfuentesid.com\/wp-content\/uploads\/2020\/10\/HistoriaFuentes_img2.png 889w, https:\/\/lasfuentesid.com\/wp-content\/uploads\/2020\/10\/HistoriaFuentes_img2-300x196.png 300w, https:\/\/lasfuentesid.com\/wp-content\/uploads\/2020\/10\/HistoriaFuentes_img2-768x501.png 768w, https:\/\/lasfuentesid.com\/wp-content\/uploads\/2020\/10\/HistoriaFuentes_img2-414x270.png 414w\" data-sizes=\"(max-width: 889px) 100vw, 889px\" src=\"data:image\/svg+xml;base64,PHN2ZyB3aWR0aD0iMSIgaGVpZ2h0PSIxIiB4bWxucz0iaHR0cDovL3d3dy53My5vcmcvMjAwMC9zdmciPjwvc3ZnPg==\" style=\"--smush-placeholder-width: 889px; --smush-placeholder-aspect-ratio: 889\/580;\" \/><\/figure>\n<\/div>\n\n\n<p><br>Ubicada en un peque\u00f1o sal\u00f3n en la casa del hermano Nicodemo Cruz en la calle Bellas Artes, Colonia Evoluci\u00f3n, Nezahualc\u00f3yotl, Estado de M\u00e9xico, teniendo una asistencia de 26 adultos y 14 ni\u00f1os. El 02 de mayo de 1981 se form\u00f3 el primer Consejo Directivo Local, las Fraternidades y Asesores, resaltando algunos nombres como: <\/p>\n\n\n\n<ul class=\"wp-block-list\">\n<li>Rub\u00e9n Lira,<\/li>\n\n\n\n<li>Jes\u00fas Beristain, <\/li>\n\n\n\n<li>Nicodemo Cruz, <\/li>\n\n\n\n<li>Eliel Cruz, <\/li>\n\n\n\n<li>Julio Lorenzo, <\/li>\n\n\n\n<li>Abel Cruz, <\/li>\n\n\n\n<li>Mateo Morales, <\/li>\n\n\n\n<li>Crescencio Mendoza y<\/li>\n\n\n\n<li>Espiridion Estrada.<\/li>\n<\/ul>\n\n\n\n<p><br><\/p>\n\n\n<div class=\"wp-block-image\">\n<figure class=\"aligncenter size-large is-resized\"><img decoding=\"async\" data-src=\"https:\/\/lasfuentesid.com\/wp-content\/uploads\/2020\/10\/HistoriaFuentes_img4.png\" alt=\"\" class=\"wp-image-2631 lazyload\" width=\"588\" height=\"577\" data-srcset=\"https:\/\/lasfuentesid.com\/wp-content\/uploads\/2020\/10\/HistoriaFuentes_img4.png 567w, https:\/\/lasfuentesid.com\/wp-content\/uploads\/2020\/10\/HistoriaFuentes_img4-300x294.png 300w, https:\/\/lasfuentesid.com\/wp-content\/uploads\/2020\/10\/HistoriaFuentes_img4-275x270.png 275w\" data-sizes=\"(max-width: 588px) 100vw, 588px\" src=\"data:image\/svg+xml;base64,PHN2ZyB3aWR0aD0iMSIgaGVpZ2h0PSIxIiB4bWxucz0iaHR0cDovL3d3dy53My5vcmcvMjAwMC9zdmciPjwvc3ZnPg==\" style=\"--smush-placeholder-width: 588px; --smush-placeholder-aspect-ratio: 588\/577;\" \/><\/figure>\n<\/div>\n\n\n<p><br>En 1983 se empez\u00f3 a gestionar la compra de un terreno, para la construcci\u00f3n de un santuario en la colonia Las Fuentes, y con la ayuda de Dios se concluy\u00f3 la compra en 1984, y el 7 de julio de ese mismo a\u00f1o quedo asentada en el texto del acta n\u00famero 184 levantada por la hermana Ana Lira.  En un peque\u00f1o sal\u00f3n construido con grande animo por los mismos hermanos de la congregaci\u00f3n en la direcci\u00f3n donde actualmente nos ubicamos, y desde el primer d\u00eda en esta nueva direcci\u00f3n siempre tuvimos en mente la ilusi\u00f3n de consagrar un santuario con las mejores condiciones para la alabanza a nuestro Dios. Y as\u00ed fue que, con la gran ayuda de nuestro Dios y despu\u00e9s de trabajar mucho, cuatro a\u00f1os despu\u00e9s se pudo concluir con la construcci\u00f3n de nuestra casa de oraci\u00f3n procurando hacerlo con las mejores condiciones.<br><\/p>\n\n\n\n<figure class=\"wp-block-gallery has-nested-images columns-default is-cropped wp-block-gallery-1 is-layout-flex wp-block-gallery-is-layout-flex\">\n<figure class=\"wp-block-image size-large\"><img decoding=\"async\" width=\"815\" height=\"576\" data-id=\"2632\" data-src=\"https:\/\/lasfuentesid.com\/wp-content\/uploads\/2020\/10\/HistoriaFuentes_img5.png\" alt=\"\" class=\"wp-image-2632 lazyload\" data-srcset=\"https:\/\/lasfuentesid.com\/wp-content\/uploads\/2020\/10\/HistoriaFuentes_img5.png 815w, https:\/\/lasfuentesid.com\/wp-content\/uploads\/2020\/10\/HistoriaFuentes_img5-300x212.png 300w, https:\/\/lasfuentesid.com\/wp-content\/uploads\/2020\/10\/HistoriaFuentes_img5-768x543.png 768w, https:\/\/lasfuentesid.com\/wp-content\/uploads\/2020\/10\/HistoriaFuentes_img5-382x270.png 382w\" data-sizes=\"(max-width: 815px) 100vw, 815px\" src=\"data:image\/svg+xml;base64,PHN2ZyB3aWR0aD0iMSIgaGVpZ2h0PSIxIiB4bWxucz0iaHR0cDovL3d3dy53My5vcmcvMjAwMC9zdmciPjwvc3ZnPg==\" style=\"--smush-placeholder-width: 815px; --smush-placeholder-aspect-ratio: 815\/576;\" \/><\/figure>\n\n\n\n<figure class=\"wp-block-image size-large\"><img decoding=\"async\" width=\"1024\" height=\"768\" data-id=\"2633\" data-src=\"https:\/\/lasfuentesid.com\/wp-content\/uploads\/2020\/10\/HistoriaFuentes_img6.png\" alt=\"\" class=\"wp-image-2633 lazyload\" data-srcset=\"https:\/\/lasfuentesid.com\/wp-content\/uploads\/2020\/10\/HistoriaFuentes_img6.png 1024w, https:\/\/lasfuentesid.com\/wp-content\/uploads\/2020\/10\/HistoriaFuentes_img6-300x225.png 300w, https:\/\/lasfuentesid.com\/wp-content\/uploads\/2020\/10\/HistoriaFuentes_img6-768x576.png 768w, https:\/\/lasfuentesid.com\/wp-content\/uploads\/2020\/10\/HistoriaFuentes_img6-360x270.png 360w\" data-sizes=\"(max-width: 1024px) 100vw, 1024px\" src=\"data:image\/svg+xml;base64,PHN2ZyB3aWR0aD0iMSIgaGVpZ2h0PSIxIiB4bWxucz0iaHR0cDovL3d3dy53My5vcmcvMjAwMC9zdmciPjwvc3ZnPg==\" style=\"--smush-placeholder-width: 1024px; --smush-placeholder-aspect-ratio: 1024\/768;\" \/><\/figure>\n<\/figure>\n\n\n\n<p><br>El 22 de abril de 1989 se llev\u00f3 acabo el servicio de consagraci\u00f3n del templo, por medio de una oraci\u00f3n por el hermano ministro Alberto Garc\u00eda, quien en ese tiempo era el presidente y representante legal de la <strong>\u201cIglesia de Dios del S\u00e9ptimo Dia\u201d<\/strong>, ya que bajo ese nombre se encontraba registrada ante Gobernaci\u00f3n la Asociaci\u00f3n Religiosa a la cual nosotros como Iglesia pertenecemos. Y as\u00ed se registro nuestro templo para el desarrollo de culto p\u00fablico como <strong>\u201cTemplo Bethel No. 6\u201d<\/strong>, quedando oficialmente como Pastor y responsable nuestro hermano Ministro Rub\u00e9n Lira, quien ya desempe\u00f1aba est\u00e1 distinci\u00f3n unos a\u00f1os atr\u00e1s.<br><\/p>\n\n\n<div class=\"wp-block-image\">\n<figure class=\"aligncenter size-large is-resized\"><img decoding=\"async\" data-src=\"https:\/\/lasfuentesid.com\/wp-content\/uploads\/2020\/10\/HistoriaFuentes_img11.jpeg\" alt=\"\" class=\"wp-image-2638 lazyload\" width=\"594\" height=\"538\" data-srcset=\"https:\/\/lasfuentesid.com\/wp-content\/uploads\/2020\/10\/HistoriaFuentes_img11.jpeg 855w, https:\/\/lasfuentesid.com\/wp-content\/uploads\/2020\/10\/HistoriaFuentes_img11-300x272.jpeg 300w, https:\/\/lasfuentesid.com\/wp-content\/uploads\/2020\/10\/HistoriaFuentes_img11-768x695.jpeg 768w, https:\/\/lasfuentesid.com\/wp-content\/uploads\/2020\/10\/HistoriaFuentes_img11-298x270.jpeg 298w\" data-sizes=\"(max-width: 594px) 100vw, 594px\" src=\"data:image\/svg+xml;base64,PHN2ZyB3aWR0aD0iMSIgaGVpZ2h0PSIxIiB4bWxucz0iaHR0cDovL3d3dy53My5vcmcvMjAwMC9zdmciPjwvc3ZnPg==\" style=\"--smush-placeholder-width: 594px; --smush-placeholder-aspect-ratio: 594\/538;\" \/><\/figure>\n<\/div>\n\n\n<p><br>El 18 de Abril de 1991, despu\u00e9s de un a\u00f1o y de cumplir con los requisito necesarios se formaliz\u00f3 la nacionalizaci\u00f3n de nuestro templo, bajo la categor\u00eda de Patrimonio Inmobiliario Federal, titulo conferido por el gobierno del Estado de M\u00e9xico para ser ocupado por un Templo de la <strong>\u201cIglesia de Dios del S\u00e9ptimo Dia\u201d<\/strong>. En 1993 la Secretaria de Gobernaci\u00f3n, por medio de la sub delegaci\u00f3n de Asociaciones Religiosas nos otorg\u00f3 un nuevo registro, el cual hasta el d\u00eda de hoy se encuentra vigente, quedando de la siguiente manera <strong><strong>\u201c<\/strong>Conferencia General de Iglesia de Dios<strong>\u201d<\/strong><\/strong>, con registro constitutivo SGAR\/18\/93.<br><\/p>\n\n\n<div class=\"wp-block-image\">\n<figure class=\"aligncenter size-large is-resized\"><img decoding=\"async\" data-src=\"https:\/\/lasfuentesid.com\/wp-content\/uploads\/2020\/10\/HistoriaFuentes_img10-1024x610.jpeg\" alt=\"\" class=\"wp-image-2641 lazyload\" width=\"836\" height=\"498\" data-srcset=\"https:\/\/lasfuentesid.com\/wp-content\/uploads\/2020\/10\/HistoriaFuentes_img10-1024x610.jpeg 1024w, https:\/\/lasfuentesid.com\/wp-content\/uploads\/2020\/10\/HistoriaFuentes_img10-300x179.jpeg 300w, https:\/\/lasfuentesid.com\/wp-content\/uploads\/2020\/10\/HistoriaFuentes_img10-768x457.jpeg 768w, https:\/\/lasfuentesid.com\/wp-content\/uploads\/2020\/10\/HistoriaFuentes_img10-453x270.jpeg 453w, https:\/\/lasfuentesid.com\/wp-content\/uploads\/2020\/10\/HistoriaFuentes_img10.jpeg 1268w\" data-sizes=\"(max-width: 836px) 100vw, 836px\" src=\"data:image\/svg+xml;base64,PHN2ZyB3aWR0aD0iMSIgaGVpZ2h0PSIxIiB4bWxucz0iaHR0cDovL3d3dy53My5vcmcvMjAwMC9zdmciPjwvc3ZnPg==\" style=\"--smush-placeholder-width: 836px; --smush-placeholder-aspect-ratio: 836\/498;\" \/><\/figure>\n<\/div>\n\n\n<p><br>En el a\u00f1o 2012 nuestro hermano ministro Rub\u00e9n Lira, por motivos de salud qued\u00f3 imposibilitado de continuar con su pastorado, sucedi\u00e9ndolo desde esa fecha por la gracia de nuestro Dios, su hermano en Cristo, ministro Efra\u00edn Lira. Nuestro DIOS nos conceda seguir trabajando como lo hemos hecho hasta ahora, para dejar un mejor legado a las generaciones venideras.<br><\/p>\n\n\n\n<figure class=\"wp-block-image size-large is-resized\"><img decoding=\"async\" data-src=\"https:\/\/lasfuentesid.com\/wp-content\/uploads\/2020\/10\/HistoriaFuentes_img7-1024x637.png\" alt=\"\" class=\"wp-image-2635 lazyload\" width=\"864\" height=\"537\" data-srcset=\"https:\/\/lasfuentesid.com\/wp-content\/uploads\/2020\/10\/HistoriaFuentes_img7-1024x637.png 1024w, https:\/\/lasfuentesid.com\/wp-content\/uploads\/2020\/10\/HistoriaFuentes_img7-300x187.png 300w, https:\/\/lasfuentesid.com\/wp-content\/uploads\/2020\/10\/HistoriaFuentes_img7-768x477.png 768w, https:\/\/lasfuentesid.com\/wp-content\/uploads\/2020\/10\/HistoriaFuentes_img7-434x270.png 434w, https:\/\/lasfuentesid.com\/wp-content\/uploads\/2020\/10\/HistoriaFuentes_img7.png 1216w\" data-sizes=\"(max-width: 864px) 100vw, 864px\" src=\"data:image\/svg+xml;base64,PHN2ZyB3aWR0aD0iMSIgaGVpZ2h0PSIxIiB4bWxucz0iaHR0cDovL3d3dy53My5vcmcvMjAwMC9zdmciPjwvc3ZnPg==\" style=\"--smush-placeholder-width: 864px; --smush-placeholder-aspect-ratio: 864\/537;\" \/><\/figure>\n\n\n\n<p><br><\/p>\n","protected":false},"excerpt":{"rendered":"<p>La Iglesia es una Instituci\u00f3n divina, fundada por Jesucristo: \u201cMas yo tambi\u00e9n te digo que t\u00fa eres Pedro, y sobre esta piedra edificar\u00e9 mi iglesia, y las puertas de infierno no prevalecer\u00e1n contra ella.\u201d Mateo 16:18 Ratificada y dada a conocer por los ap\u00f3stoles: \u201cEdificaos sobre el fundamento de los ap\u00f3stoles y profetas, siendo la principal piedra del \u00e1ngulo Jesucristo mismo\u201d Efesios 2:20 De la cual as\u00ed mismo en este tiempo por la gracia de Jesucristo hemos sido hechos ministros&#8230;<\/p>\n<p class=\"read-more\"><a class=\"btn btn-default\" href=\"https:\/\/lasfuentesid.com\/index.php\/nuestra-historia\/\"> Leer m\u00e1s<span class=\"screen-reader-text\">  Leer m\u00e1s<\/span><\/a><\/p>\n","protected":false},"author":1,"featured_media":2634,"parent":0,"menu_order":0,"comment_status":"closed","ping_status":"closed","template":"","meta":{"_monsterinsights_skip_tracking":false,"_monsterinsights_sitenote_active":false,"_monsterinsights_sitenote_note":"","_monsterinsights_sitenote_category":0,"footnotes":""},"class_list":["post-275","page","type-page","status-publish","has-post-thumbnail","hentry"],"yoast_head":"<!-- This site is optimized with the Yoast SEO plugin v25.6 - https:\/\/yoast.com\/wordpress\/plugins\/seo\/ -->\n<title>Nuestra Historia - Las Fuentes ID<\/title>\n<meta name=\"description\" content=\"La Iglesia es una Instituci\u00f3n divina, fundada por Jesucristo: \u201cMas yo tambi\u00e9n te digo que t\u00fa eres Pedro, y sobre esta piedra edificar\u00e9 mi iglesia, y las puertas de infierno no prevalecer\u00e1n contra ella.\u201d Mateo 16:18. Ratificada y dada a conocer por los ap\u00f3stoles: \u201cEdificaos sobre el fundamento de los ap\u00f3stoles y profetas, siendo la principal piedra del \u00e1ngulo Jesucristo mismo\u201d Efesios 2:20. De la cual as\u00ed mismo en este tiempo por la gracia de Jesucristo hemos sido hechos ministros y administradores para apacentar su Iglesia, la cual gano con su sangre. Iglesia de Dios del S\u00e9ptimo Dia.\" \/>\n<meta name=\"robots\" content=\"noindex, follow\" \/>\n<meta property=\"og:locale\" content=\"es_ES\" \/>\n<meta property=\"og:type\" content=\"article\" \/>\n<meta property=\"og:title\" content=\"Nuestra Historia - Las Fuentes ID\" \/>\n<meta property=\"og:description\" content=\"La Iglesia es una Instituci\u00f3n divina, fundada por Jesucristo: \u201cMas yo tambi\u00e9n te digo que t\u00fa eres Pedro, y sobre esta piedra edificar\u00e9 mi iglesia, y las puertas de infierno no prevalecer\u00e1n contra ella.\u201d Mateo 16:18. Ratificada y dada a conocer por los ap\u00f3stoles: \u201cEdificaos sobre el fundamento de los ap\u00f3stoles y profetas, siendo la principal piedra del \u00e1ngulo Jesucristo mismo\u201d Efesios 2:20. De la cual as\u00ed mismo en este tiempo por la gracia de Jesucristo hemos sido hechos ministros y administradores para apacentar su Iglesia, la cual gano con su sangre. Iglesia de Dios del S\u00e9ptimo Dia.\" \/>\n<meta property=\"og:url\" content=\"https:\/\/lasfuentesid.com\/index.php\/nuestra-historia\/\" \/>\n<meta property=\"og:site_name\" content=\"Las Fuentes ID\" \/>\n<meta property=\"article:modified_time\" content=\"2023-04-12T09:05:47+00:00\" \/>\n<meta property=\"og:image\" content=\"https:\/\/lasfuentesid.com\/wp-content\/uploads\/2020\/10\/HistoriaFuentes_img8.jpg\" \/>\n\t<meta property=\"og:image:width\" content=\"960\" \/>\n\t<meta property=\"og:image:height\" content=\"1132\" \/>\n\t<meta property=\"og:image:type\" content=\"image\/jpeg\" \/>\n<meta name=\"twitter:card\" content=\"summary_large_image\" \/>\n<meta name=\"twitter:label1\" content=\"Tiempo de lectura\" \/>\n\t<meta name=\"twitter:data1\" content=\"5 minutos\" \/>\n<script type=\"application\/ld+json\" class=\"yoast-schema-graph\">{\"@context\":\"https:\/\/schema.org\",\"@graph\":[{\"@type\":\"WebPage\",\"@id\":\"https:\/\/lasfuentesid.com\/index.php\/nuestra-historia\/\",\"url\":\"https:\/\/lasfuentesid.com\/index.php\/nuestra-historia\/\",\"name\":\"Nuestra Historia - Las Fuentes ID\",\"isPartOf\":{\"@id\":\"https:\/\/lasfuentesid.com\/#website\"},\"primaryImageOfPage\":{\"@id\":\"https:\/\/lasfuentesid.com\/index.php\/nuestra-historia\/#primaryimage\"},\"image\":{\"@id\":\"https:\/\/lasfuentesid.com\/index.php\/nuestra-historia\/#primaryimage\"},\"thumbnailUrl\":\"https:\/\/lasfuentesid.com\/wp-content\/uploads\/2020\/10\/HistoriaFuentes_img8.jpg\",\"datePublished\":\"2020-10-24T21:43:00+00:00\",\"dateModified\":\"2023-04-12T09:05:47+00:00\",\"description\":\"La Iglesia es una Instituci\u00f3n divina, fundada por Jesucristo: \u201cMas yo tambi\u00e9n te digo que t\u00fa eres Pedro, y sobre esta piedra edificar\u00e9 mi iglesia, y las puertas de infierno no prevalecer\u00e1n contra ella.\u201d Mateo 16:18. Ratificada y dada a conocer por los ap\u00f3stoles: \u201cEdificaos sobre el fundamento de los ap\u00f3stoles y profetas, siendo la principal piedra del \u00e1ngulo Jesucristo mismo\u201d Efesios 2:20. De la cual as\u00ed mismo en este tiempo por la gracia de Jesucristo hemos sido hechos ministros y administradores para apacentar su Iglesia, la cual gano con su sangre. Iglesia de Dios del S\u00e9ptimo Dia.\",\"breadcrumb\":{\"@id\":\"https:\/\/lasfuentesid.com\/index.php\/nuestra-historia\/#breadcrumb\"},\"inLanguage\":\"es\",\"potentialAction\":[{\"@type\":\"ReadAction\",\"target\":[\"https:\/\/lasfuentesid.com\/index.php\/nuestra-historia\/\"]}]},{\"@type\":\"ImageObject\",\"inLanguage\":\"es\",\"@id\":\"https:\/\/lasfuentesid.com\/index.php\/nuestra-historia\/#primaryimage\",\"url\":\"https:\/\/lasfuentesid.com\/wp-content\/uploads\/2020\/10\/HistoriaFuentes_img8.jpg\",\"contentUrl\":\"https:\/\/lasfuentesid.com\/wp-content\/uploads\/2020\/10\/HistoriaFuentes_img8.jpg\",\"width\":960,\"height\":1132},{\"@type\":\"BreadcrumbList\",\"@id\":\"https:\/\/lasfuentesid.com\/index.php\/nuestra-historia\/#breadcrumb\",\"itemListElement\":[{\"@type\":\"ListItem\",\"position\":1,\"name\":\"Portada\",\"item\":\"https:\/\/lasfuentesid.com\/\"},{\"@type\":\"ListItem\",\"position\":2,\"name\":\"Nuestra Historia\"}]},{\"@type\":\"WebSite\",\"@id\":\"https:\/\/lasfuentesid.com\/#website\",\"url\":\"https:\/\/lasfuentesid.com\/\",\"name\":\"Iglesia de Dios Las Fuentes\",\"description\":\"Iglesia de Dios en Las Fuentes\",\"publisher\":{\"@id\":\"https:\/\/lasfuentesid.com\/#organization\"},\"potentialAction\":[{\"@type\":\"SearchAction\",\"target\":{\"@type\":\"EntryPoint\",\"urlTemplate\":\"https:\/\/lasfuentesid.com\/?s={search_term_string}\"},\"query-input\":{\"@type\":\"PropertyValueSpecification\",\"valueRequired\":true,\"valueName\":\"search_term_string\"}}],\"inLanguage\":\"es\"},{\"@type\":\"Organization\",\"@id\":\"https:\/\/lasfuentesid.com\/#organization\",\"name\":\"Iglesia de Dios en Las Fuentes\",\"url\":\"https:\/\/lasfuentesid.com\/\",\"logo\":{\"@type\":\"ImageObject\",\"inLanguage\":\"es\",\"@id\":\"https:\/\/lasfuentesid.com\/#\/schema\/logo\/image\/\",\"url\":\"\",\"contentUrl\":\"\",\"caption\":\"Iglesia de Dios en Las Fuentes\"},\"image\":{\"@id\":\"https:\/\/lasfuentesid.com\/#\/schema\/logo\/image\/\"},\"sameAs\":[\"https:\/\/www.youtube.com\/channel\/UCVMiqC-dmiK24eBW4B3_fow\"]}]}<\/script>\n<!-- \/ Yoast SEO plugin. -->","yoast_head_json":{"title":"Nuestra Historia - Las Fuentes ID","description":"La Iglesia es una Instituci\u00f3n divina, fundada por Jesucristo: \u201cMas yo tambi\u00e9n te digo que t\u00fa eres Pedro, y sobre esta piedra edificar\u00e9 mi iglesia, y las puertas de infierno no prevalecer\u00e1n contra ella.\u201d Mateo 16:18. Ratificada y dada a conocer por los ap\u00f3stoles: \u201cEdificaos sobre el fundamento de los ap\u00f3stoles y profetas, siendo la principal piedra del \u00e1ngulo Jesucristo mismo\u201d Efesios 2:20. De la cual as\u00ed mismo en este tiempo por la gracia de Jesucristo hemos sido hechos ministros y administradores para apacentar su Iglesia, la cual gano con su sangre. Iglesia de Dios del S\u00e9ptimo Dia.","robots":{"index":"noindex","follow":"follow"},"og_locale":"es_ES","og_type":"article","og_title":"Nuestra Historia - Las Fuentes ID","og_description":"La Iglesia es una Instituci\u00f3n divina, fundada por Jesucristo: \u201cMas yo tambi\u00e9n te digo que t\u00fa eres Pedro, y sobre esta piedra edificar\u00e9 mi iglesia, y las puertas de infierno no prevalecer\u00e1n contra ella.\u201d Mateo 16:18. Ratificada y dada a conocer por los ap\u00f3stoles: \u201cEdificaos sobre el fundamento de los ap\u00f3stoles y profetas, siendo la principal piedra del \u00e1ngulo Jesucristo mismo\u201d Efesios 2:20. De la cual as\u00ed mismo en este tiempo por la gracia de Jesucristo hemos sido hechos ministros y administradores para apacentar su Iglesia, la cual gano con su sangre. Iglesia de Dios del S\u00e9ptimo Dia.","og_url":"https:\/\/lasfuentesid.com\/index.php\/nuestra-historia\/","og_site_name":"Las Fuentes ID","article_modified_time":"2023-04-12T09:05:47+00:00","og_image":[{"width":960,"height":1132,"url":"https:\/\/lasfuentesid.com\/wp-content\/uploads\/2020\/10\/HistoriaFuentes_img8.jpg","type":"image\/jpeg"}],"twitter_card":"summary_large_image","twitter_misc":{"Tiempo de lectura":"5 minutos"},"schema":{"@context":"https:\/\/schema.org","@graph":[{"@type":"WebPage","@id":"https:\/\/lasfuentesid.com\/index.php\/nuestra-historia\/","url":"https:\/\/lasfuentesid.com\/index.php\/nuestra-historia\/","name":"Nuestra Historia - Las Fuentes ID","isPartOf":{"@id":"https:\/\/lasfuentesid.com\/#website"},"primaryImageOfPage":{"@id":"https:\/\/lasfuentesid.com\/index.php\/nuestra-historia\/#primaryimage"},"image":{"@id":"https:\/\/lasfuentesid.com\/index.php\/nuestra-historia\/#primaryimage"},"thumbnailUrl":"https:\/\/lasfuentesid.com\/wp-content\/uploads\/2020\/10\/HistoriaFuentes_img8.jpg","datePublished":"2020-10-24T21:43:00+00:00","dateModified":"2023-04-12T09:05:47+00:00","description":"La Iglesia es una Instituci\u00f3n divina, fundada por Jesucristo: \u201cMas yo tambi\u00e9n te digo que t\u00fa eres Pedro, y sobre esta piedra edificar\u00e9 mi iglesia, y las puertas de infierno no prevalecer\u00e1n contra ella.\u201d Mateo 16:18. Ratificada y dada a conocer por los ap\u00f3stoles: \u201cEdificaos sobre el fundamento de los ap\u00f3stoles y profetas, siendo la principal piedra del \u00e1ngulo Jesucristo mismo\u201d Efesios 2:20. De la cual as\u00ed mismo en este tiempo por la gracia de Jesucristo hemos sido hechos ministros y administradores para apacentar su Iglesia, la cual gano con su sangre. Iglesia de Dios del S\u00e9ptimo Dia.","breadcrumb":{"@id":"https:\/\/lasfuentesid.com\/index.php\/nuestra-historia\/#breadcrumb"},"inLanguage":"es","potentialAction":[{"@type":"ReadAction","target":["https:\/\/lasfuentesid.com\/index.php\/nuestra-historia\/"]}]},{"@type":"ImageObject","inLanguage":"es","@id":"https:\/\/lasfuentesid.com\/index.php\/nuestra-historia\/#primaryimage","url":"https:\/\/lasfuentesid.com\/wp-content\/uploads\/2020\/10\/HistoriaFuentes_img8.jpg","contentUrl":"https:\/\/lasfuentesid.com\/wp-content\/uploads\/2020\/10\/HistoriaFuentes_img8.jpg","width":960,"height":1132},{"@type":"BreadcrumbList","@id":"https:\/\/lasfuentesid.com\/index.php\/nuestra-historia\/#breadcrumb","itemListElement":[{"@type":"ListItem","position":1,"name":"Portada","item":"https:\/\/lasfuentesid.com\/"},{"@type":"ListItem","position":2,"name":"Nuestra Historia"}]},{"@type":"WebSite","@id":"https:\/\/lasfuentesid.com\/#website","url":"https:\/\/lasfuentesid.com\/","name":"Iglesia de Dios Las Fuentes","description":"Iglesia de Dios en Las Fuentes","publisher":{"@id":"https:\/\/lasfuentesid.com\/#organization"},"potentialAction":[{"@type":"SearchAction","target":{"@type":"EntryPoint","urlTemplate":"https:\/\/lasfuentesid.com\/?s={search_term_string}"},"query-input":{"@type":"PropertyValueSpecification","valueRequired":true,"valueName":"search_term_string"}}],"inLanguage":"es"},{"@type":"Organization","@id":"https:\/\/lasfuentesid.com\/#organization","name":"Iglesia de Dios en Las Fuentes","url":"https:\/\/lasfuentesid.com\/","logo":{"@type":"ImageObject","inLanguage":"es","@id":"https:\/\/lasfuentesid.com\/#\/schema\/logo\/image\/","url":"","contentUrl":"","caption":"Iglesia de Dios en Las Fuentes"},"image":{"@id":"https:\/\/lasfuentesid.com\/#\/schema\/logo\/image\/"},"sameAs":["https:\/\/www.youtube.com\/channel\/UCVMiqC-dmiK24eBW4B3_fow"]}]}},"_links":{"self":[{"href":"https:\/\/lasfuentesid.com\/index.php\/wp-json\/wp\/v2\/pages\/275","targetHints":{"allow":["GET"]}}],"collection":[{"href":"https:\/\/lasfuentesid.com\/index.php\/wp-json\/wp\/v2\/pages"}],"about":[{"href":"https:\/\/lasfuentesid.com\/index.php\/wp-json\/wp\/v2\/types\/page"}],"author":[{"embeddable":true,"href":"https:\/\/lasfuentesid.com\/index.php\/wp-json\/wp\/v2\/users\/1"}],"replies":[{"embeddable":true,"href":"https:\/\/lasfuentesid.com\/index.php\/wp-json\/wp\/v2\/comments?post=275"}],"version-history":[{"count":10,"href":"https:\/\/lasfuentesid.com\/index.php\/wp-json\/wp\/v2\/pages\/275\/revisions"}],"predecessor-version":[{"id":5483,"href":"https:\/\/lasfuentesid.com\/index.php\/wp-json\/wp\/v2\/pages\/275\/revisions\/5483"}],"wp:featuredmedia":[{"embeddable":true,"href":"https:\/\/lasfuentesid.com\/index.php\/wp-json\/wp\/v2\/media\/2634"}],"wp:attachment":[{"href":"https:\/\/lasfuentesid.com\/index.php\/wp-json\/wp\/v2\/media?parent=275"}],"curies":[{"name":"wp","href":"https:\/\/api.w.org\/{rel}","templated":true}]}}