{"version":"1.0","provider_name":"Las Fuentes ID","provider_url":"https:\/\/lasfuentesid.com","author_name":"Hno. Johan Flores","author_url":"https:\/\/lasfuentesid.com\/index.php\/author\/johan\/","title":"Culto Especial Nombramientos en Templo Monte de Si\u00f3n - Las Fuentes ID","type":"rich","width":600,"height":338,"html":"<blockquote class=\"wp-embedded-content\" data-secret=\"2wxQM7iZwj\"><a href=\"https:\/\/lasfuentesid.com\/index.php\/2025\/05\/24\/culto-especial-nombramientos-en-templo-monte-de-sion\/\">Culto Especial Nombramientos en Templo Monte de Si\u00f3n<\/a><\/blockquote><iframe sandbox=\"allow-scripts\" security=\"restricted\" src=\"https:\/\/lasfuentesid.com\/index.php\/2025\/05\/24\/culto-especial-nombramientos-en-templo-monte-de-sion\/embed\/#?secret=2wxQM7iZwj\" width=\"600\" height=\"338\" title=\"\u00abCulto Especial Nombramientos en Templo Monte de Si\u00f3n\u00bb \u2014 Las Fuentes ID\" data-secret=\"2wxQM7iZwj\" frameborder=\"0\" marginwidth=\"0\" marginheight=\"0\" scrolling=\"no\" class=\"wp-embedded-content\"><\/iframe><script type=\"text\/javascript\">\n\/* <![CDATA[ *\/\n\/*! This file is auto-generated *\/\n!function(d,l){\"use strict\";l.querySelector&&d.addEventListener&&\"undefined\"!=typeof URL&&(d.wp=d.wp||{},d.wp.receiveEmbedMessage||(d.wp.receiveEmbedMessage=function(e){var t=e.data;if((t||t.secret||t.message||t.value)&&!\/[^a-zA-Z0-9]\/.test(t.secret)){for(var s,r,n,a=l.querySelectorAll('iframe[data-secret=\"'+t.secret+'\"]'),o=l.querySelectorAll('blockquote[data-secret=\"'+t.secret+'\"]'),c=new RegExp(\"^https?:$\",\"i\"),i=0;i<o.length;i++)o[i].style.display=\"none\";for(i=0;i<a.length;i++)s=a[i],e.source===s.contentWindow&&(s.removeAttribute(\"style\"),\"height\"===t.message?(1e3<(r=parseInt(t.value,10))?r=1e3:~~r<200&&(r=200),s.height=r):\"link\"===t.message&&(r=new URL(s.getAttribute(\"src\")),n=new URL(t.value),c.test(n.protocol))&&n.host===r.host&&l.activeElement===s&&(d.top.location.href=t.value))}},d.addEventListener(\"message\",d.wp.receiveEmbedMessage,!1),l.addEventListener(\"DOMContentLoaded\",function(){for(var e,t,s=l.querySelectorAll(\"iframe.wp-embedded-content\"),r=0;r<s.length;r++)(t=(e=s[r]).getAttribute(\"data-secret\"))||(t=Math.random().toString(36).substring(2,12),e.src+=\"#?secret=\"+t,e.setAttribute(\"data-secret\",t)),e.contentWindow.postMessage({message:\"ready\",secret:t},\"*\")},!1)))}(window,document);\n\/\/# sourceURL=https:\/\/lasfuentesid.com\/wp-includes\/js\/wp-embed.min.js\n\/* ]]> *\/\n<\/script>\n","thumbnail_url":"https:\/\/lasfuentesid.com\/wp-content\/uploads\/2025\/08\/20250524_170439-scaled.jpg","thumbnail_width":2560,"thumbnail_height":1920,"description":"En la Iglesia de Dios contamos con tres categor\u00edas jer\u00e1rquicas de Ministerio que cumplen, entre sus funciones espec\u00edficas, la labor de orientar al Pueblo de Dios y hacer llegar a m\u00e1s gente al Camino de la Verdad, dichas categor\u00edas son las de Ministro (el m\u00e1s alto tanto por conocimiento como por espiritualidad), Di\u00e1cono (apoyo de Ministro en algunas funciones) y Obrero (el puesto inicial para avanzar en crecimiento espiritual y conocimiento b\u00edblico), todas ellas son otorgadas bajo una imposici\u00f3n de manos de parte de un Ministro en funciones en el entendido de recibir el don del Esp\u00edritu Santo proveniente del Creador Eterno."}

Culto Especial Nombramientos en Templo Monte de Sión - Las Fuentes ID

<blockquote class="wp-embedded-content" data-secret="2wxQM7iZwj"><a href="https://lasfuentesid.com/index.php/2025/05/24/culto-especial-nombramientos-en-templo-monte-de-sion/">Culto Especial Nombramientos en Templo Monte de Sión</a></blockquote><iframe sandbox="allow-scripts" security="restricted" src="https://lasfuentesid.com/index.php/2025/05/24/culto-especial-nombramientos-en-templo-monte-de-sion/embed/#?secret=2wxQM7iZwj" width="600" height="338" title="«Culto Especial Nombramientos en Templo Monte de Sión» — Las Fuentes ID" data-secret="2wxQM7iZwj" frameborder="0" marginwidth="0" marginheight="0" scrolling="no" class="wp-embedded-content"></iframe><script type="text/javascript">
/* <![CDATA[ */
/*! This file is auto-generated */
!function(d,l){"use strict";l.querySelector&&d.addEventListener&&"undefined"!=typeof URL&&(d.wp=d.wp||{},d.wp.receiveEmbedMessage||(d.wp.receiveEmbedMessage=function(e){var t=e.data;if((t||t.secret||t.message||t.value)&&!/[^a-zA-Z0-9]/.test(t.secret)){for(var s,r,n,a=l.querySelectorAll('iframe[data-secret="'+t.secret+'"]'),o=l.querySelectorAll('blockquote[data-secret="'+t.secret+'"]'),c=new RegExp("^https?:$","i"),i=0;i<o.length;i++)o[i].style.display="none";for(i=0;i<a.length;i++)s=a[i],e.source===s.contentWindow&&(s.removeAttribute("style"),"height"===t.message?(1e3<(r=parseInt(t.value,10))?r=1e3:~~r<200&&(r=200),s.height=r):"link"===t.message&&(r=new URL(s.getAttribute("src")),n=new URL(t.value),c.test(n.protocol))&&n.host===r.host&&l.activeElement===s&&(d.top.location.href=t.value))}},d.addEventListener("message",d.wp.receiveEmbedMessage,!1),l.addEventListener("DOMContentLoaded",function(){for(var e,t,s=l.querySelectorAll("iframe.wp-embedded-content"),r=0;r<s.length;r++)(t=(e=s[r]).getAttribute("data-secret"))||(t=Math.random().toString(36).substring(2,12),e.src+="#?secret="+t,e.setAttribute("data-secret",t)),e.contentWindow.postMessage({message:"ready",secret:t},"*")},!1)))}(window,document);
//# sourceURL=https://lasfuentesid.com/wp-includes/js/wp-embed.min.js
/* ]]> */
</script>

En la Iglesia de Dios contamos con tres categorías jerárquicas de Ministerio que cumplen, entre sus funciones específicas, la labor de orientar al Pueblo de Dios y hacer llegar a más gente al Camino de la Verdad, dichas categorías son las de Ministro (el más alto tanto por conocimiento como por espiritualidad), Diácono (apoyo de Ministro en algunas funciones) y Obrero (el puesto inicial para avanzar en crecimiento espiritual y conocimiento bíblico), todas ellas son otorgadas bajo una imposición de manos de parte de un Ministro en funciones en el entendido de recibir el don del Espíritu Santo proveniente del Creador Eterno.
