{"version":"1.0","provider_name":"Las Fuentes ID","provider_url":"https:\/\/lasfuentesid.com","author_name":"Hno. Johan Flores","author_url":"https:\/\/lasfuentesid.com\/index.php\/author\/johan\/","title":"Remembranza de la 34\u00b0 Convocaci\u00f3n Nacional Juvenil - Las Fuentes ID","type":"rich","width":600,"height":338,"html":"<blockquote class=\"wp-embedded-content\" data-secret=\"4CWUAdqXYQ\"><a href=\"https:\/\/lasfuentesid.com\/index.php\/2021\/09\/15\/remembranza-convocacion-nacional-juvenil\/\">Remembranza de la 34\u00b0 Convocaci\u00f3n Nacional Juvenil<\/a><\/blockquote><iframe sandbox=\"allow-scripts\" security=\"restricted\" src=\"https:\/\/lasfuentesid.com\/index.php\/2021\/09\/15\/remembranza-convocacion-nacional-juvenil\/embed\/#?secret=4CWUAdqXYQ\" width=\"600\" height=\"338\" title=\"\u00abRemembranza de la 34\u00b0 Convocaci\u00f3n Nacional Juvenil\u00bb \u2014 Las Fuentes ID\" data-secret=\"4CWUAdqXYQ\" frameborder=\"0\" marginwidth=\"0\" marginheight=\"0\" scrolling=\"no\" class=\"wp-embedded-content\"><\/iframe><script type=\"text\/javascript\">\n\/* <![CDATA[ *\/\n\/*! This file is auto-generated *\/\n!function(d,l){\"use strict\";l.querySelector&&d.addEventListener&&\"undefined\"!=typeof URL&&(d.wp=d.wp||{},d.wp.receiveEmbedMessage||(d.wp.receiveEmbedMessage=function(e){var t=e.data;if((t||t.secret||t.message||t.value)&&!\/[^a-zA-Z0-9]\/.test(t.secret)){for(var s,r,n,a=l.querySelectorAll('iframe[data-secret=\"'+t.secret+'\"]'),o=l.querySelectorAll('blockquote[data-secret=\"'+t.secret+'\"]'),c=new RegExp(\"^https?:$\",\"i\"),i=0;i<o.length;i++)o[i].style.display=\"none\";for(i=0;i<a.length;i++)s=a[i],e.source===s.contentWindow&&(s.removeAttribute(\"style\"),\"height\"===t.message?(1e3<(r=parseInt(t.value,10))?r=1e3:~~r<200&&(r=200),s.height=r):\"link\"===t.message&&(r=new URL(s.getAttribute(\"src\")),n=new URL(t.value),c.test(n.protocol))&&n.host===r.host&&l.activeElement===s&&(d.top.location.href=t.value))}},d.addEventListener(\"message\",d.wp.receiveEmbedMessage,!1),l.addEventListener(\"DOMContentLoaded\",function(){for(var e,t,s=l.querySelectorAll(\"iframe.wp-embedded-content\"),r=0;r<s.length;r++)(t=(e=s[r]).getAttribute(\"data-secret\"))||(t=Math.random().toString(36).substring(2,12),e.src+=\"#?secret=\"+t,e.setAttribute(\"data-secret\",t)),e.contentWindow.postMessage({message:\"ready\",secret:t},\"*\")},!1)))}(window,document);\n\/\/# sourceURL=https:\/\/lasfuentesid.com\/wp-includes\/js\/wp-embed.min.js\n\/* ]]> *\/\n<\/script>\n","thumbnail_url":"https:\/\/lasfuentesid.com\/wp-content\/uploads\/2021\/09\/Resena_CNJ_34.jpg","thumbnail_width":1280,"thumbnail_height":853,"description":"La Convocaci\u00f3n Nacional Juvenil es una reuni\u00f3n anual llevada a cabo por el CONAJUV, \u00f3rgano de integraci\u00f3n y gesti\u00f3n de todas las Fraternidades Juveniles a nivel nacional y representante de la juventud cristiana en M\u00e9xico para otros pa\u00edses que comparten la Doctrina Verdadera. Esta reuni\u00f3n, realizada en su conjunto con el Consistorio de Ancianos, junta m\u00e1xima de ministros donde recae la autoridad de Dios, tiene como objetivo principal \"hacer prosperar la obra en la FJC y aspiran a encontrar su salvaci\u00f3n, en un marco de convivencia fraterna y espiritual\"."}

Remembranza de la 34° Convocación Nacional Juvenil - Las Fuentes ID

<blockquote class="wp-embedded-content" data-secret="4CWUAdqXYQ"><a href="https://lasfuentesid.com/index.php/2021/09/15/remembranza-convocacion-nacional-juvenil/">Remembranza de la 34° Convocación Nacional Juvenil</a></blockquote><iframe sandbox="allow-scripts" security="restricted" src="https://lasfuentesid.com/index.php/2021/09/15/remembranza-convocacion-nacional-juvenil/embed/#?secret=4CWUAdqXYQ" width="600" height="338" title="«Remembranza de la 34° Convocación Nacional Juvenil» — Las Fuentes ID" data-secret="4CWUAdqXYQ" frameborder="0" marginwidth="0" marginheight="0" scrolling="no" class="wp-embedded-content"></iframe><script type="text/javascript">
/* <![CDATA[ */
/*! This file is auto-generated */
!function(d,l){"use strict";l.querySelector&&d.addEventListener&&"undefined"!=typeof URL&&(d.wp=d.wp||{},d.wp.receiveEmbedMessage||(d.wp.receiveEmbedMessage=function(e){var t=e.data;if((t||t.secret||t.message||t.value)&&!/[^a-zA-Z0-9]/.test(t.secret)){for(var s,r,n,a=l.querySelectorAll('iframe[data-secret="'+t.secret+'"]'),o=l.querySelectorAll('blockquote[data-secret="'+t.secret+'"]'),c=new RegExp("^https?:$","i"),i=0;i<o.length;i++)o[i].style.display="none";for(i=0;i<a.length;i++)s=a[i],e.source===s.contentWindow&&(s.removeAttribute("style"),"height"===t.message?(1e3<(r=parseInt(t.value,10))?r=1e3:~~r<200&&(r=200),s.height=r):"link"===t.message&&(r=new URL(s.getAttribute("src")),n=new URL(t.value),c.test(n.protocol))&&n.host===r.host&&l.activeElement===s&&(d.top.location.href=t.value))}},d.addEventListener("message",d.wp.receiveEmbedMessage,!1),l.addEventListener("DOMContentLoaded",function(){for(var e,t,s=l.querySelectorAll("iframe.wp-embedded-content"),r=0;r<s.length;r++)(t=(e=s[r]).getAttribute("data-secret"))||(t=Math.random().toString(36).substring(2,12),e.src+="#?secret="+t,e.setAttribute("data-secret",t)),e.contentWindow.postMessage({message:"ready",secret:t},"*")},!1)))}(window,document);
//# sourceURL=https://lasfuentesid.com/wp-includes/js/wp-embed.min.js
/* ]]> */
</script>

La Convocación Nacional Juvenil es una reunión anual llevada a cabo por el CONAJUV, órgano de integración y gestión de todas las Fraternidades Juveniles a nivel nacional y representante de la juventud cristiana en México para otros países que comparten la Doctrina Verdadera. Esta reunión, realizada en su conjunto con el Consistorio de Ancianos, junta máxima de ministros donde recae la autoridad de Dios, tiene como objetivo principal "hacer prosperar la obra en la FJC y aspiran a encontrar su salvación, en un marco de convivencia fraterna y espiritual".
